{"id":21,"date":"2024-04-10T08:07:18","date_gmt":"2024-04-10T07:07:18","guid":{"rendered":"https:\/\/szentistvan-vendeghaz.hu\/?page_id=21"},"modified":"2025-08-08T22:43:39","modified_gmt":"2025-08-08T21:43:39","slug":"szolgaltatasok","status":"publish","type":"page","link":"https:\/\/szentistvan-vendeghaz.hu\/index.php\/szolgaltatasok\/","title":{"rendered":"Szolg\u00e1ltat\u00e1sok"},"content":{"rendered":"<h5>A Vend\u00e9gh\u00e1z egy\u00e9b szolg\u00e1ltat\u00e1sai:<\/h5>\n<ul>\n<li>5 db 2 \u00e1gyas szob\u00e1nk l\u00e9gkondicion\u00e1l\u00f3val is fel van szerelve.<\/li>\n<li>A Vend\u00e9gh\u00e1z eg\u00e9sz ter\u00fclet\u00e9n internet el\u00e9r\u00e9si lehet\u0151s\u00e9g (WIFI) biztos\u00edtott.<\/li>\n<li>A szoba\u00e1rak tartalmazz\u00e1k a t\u00f6r\u00f6lk\u00f6z\u0151 \u00e9s k\u00e1dkil\u00e9p\u0151 haszn\u00e1latot.<\/li>\n<li>A szob\u00e1kban foly\u00e9kony szappan \u00e9s tusf\u00fcrd\u0151 tal\u00e1lhat\u00f3<\/li>\n<li>A k\u00f6z\u00f6ss\u00e9gi helyis\u00e9gben extr\u00e1kkal felszerelt teakonyha \u00e1ll vend\u00e9geink rendelkez\u00e9s\u00e9re, mely tartalmazza a mikrohull\u00e1m\u00fa s\u00fct\u0151t, a v\u00edzforral\u00f3t, mosogat\u00f3g\u00e9pet, teafiltert, poharakat (b\u00f6gre, boros poh\u00e1r, vizes poh\u00e1r), ev\u0151eszk\u00f6z\u00f6ket \u00e9s t\u00e1ny\u00e9rokat.<\/li>\n<li>A Vend\u00e9gh\u00e1zhoz z\u00e1rt parkol\u00f3 tartozik (szob\u00e1nk\u00e9nt 1 g\u00e9pkocsihellyel), mely az aut\u00f3val \u00e9rkez\u0151 vend\u00e9gek r\u00e9sz\u00e9re biztons\u00e1gos parkol\u00e1si lehet\u0151s\u00e9get biztos\u00edt.<\/li>\n<li>A ker\u00e9kp\u00e1rral \u00e9rkez\u0151 vend\u00e9gek sz\u00e1m\u00e1ra ker\u00e9kp\u00e1r t\u00e1rol\u00e1si lehet\u0151s\u00e9get biztos\u00edtunk.<\/li>\n<li>A Vend\u00e9gh\u00e1z nem doh\u00e1nyz\u00f3, doh\u00e1nyozni a kijel\u00f6lt helyeken \u00e9s a szob\u00e1k teraszain lehet.<\/li>\n<li>A Vend\u00e9gh\u00e1z szob\u00e1i \u00e9rkez\u00e9s napj\u00e1n 14 \u00f3r\u00e1t\u00f3l, t\u00e1voz\u00e1s napj\u00e1n 10 \u00f3r\u00e1ig \u00e1llnak vend\u00e9geink rendelkez\u00e9s\u00e9re. Ett\u0151l k\u00e9r\u00e9sre, a szob\u00e1k foglalts\u00e1g\u00e1hoz m\u00e9rten elt\u00e9rhet\u00fcnk.<\/li>\n<\/ul>\n<ul>\n<li style=\"list-style-type: none;\"><\/li>\n<\/ul>\n<p>&nbsp;<\/p>\n<ul>\n<li style=\"list-style-type: none;\"><\/li>\n<\/ul>\n","protected":false},"excerpt":{"rendered":"<p>A Vend\u00e9gh\u00e1z egy\u00e9b szolg\u00e1ltat\u00e1sai: 5 db 2 \u00e1gyas szob\u00e1nk l\u00e9gkondicion\u00e1l\u00f3val is fel van szerelve. A Vend\u00e9gh\u00e1z eg\u00e9sz ter\u00fclet\u00e9n internet el\u00e9r\u00e9si lehet\u0151s\u00e9g (WIFI) biztos\u00edtott. A szoba\u00e1rak tartalmazz\u00e1k a t\u00f6r\u00f6lk\u00f6z\u0151 \u00e9s k\u00e1dkil\u00e9p\u0151 haszn\u00e1latot. A szob\u00e1kban foly\u00e9kony szappan \u00e9s tusf\u00fcrd\u0151 tal\u00e1lhat\u00f3 A k\u00f6z\u00f6ss\u00e9gi helyis\u00e9gben extr\u00e1kkal felszerelt teakonyha \u00e1ll vend\u00e9geink rendelkez\u00e9s\u00e9re, mely tartalmazza a mikrohull\u00e1m\u00fa s\u00fct\u0151t, a v\u00edzforral\u00f3t, mosogat\u00f3g\u00e9pet, teafiltert, poharakat (b\u00f6gre, boros poh\u00e1r, vizes poh\u00e1r), ev\u0151eszk\u00f6z\u00f6ket \u00e9s t\u00e1ny\u00e9rokat. A Vend\u00e9gh\u00e1zhoz z\u00e1rt parkol\u00f3 tartozik (szob\u00e1nk\u00e9nt 1 g\u00e9pkocsihellyel), mely az aut\u00f3val \u00e9rkez\u0151 vend\u00e9gek r\u00e9sz\u00e9re biztons\u00e1gos parkol\u00e1si lehet\u0151s\u00e9get biztos\u00edt. A ker\u00e9kp\u00e1rral \u00e9rkez\u0151 vend\u00e9gek sz\u00e1m\u00e1ra ker\u00e9kp\u00e1r t\u00e1rol\u00e1si lehet\u0151s\u00e9get biztos\u00edtunk. A Vend\u00e9gh\u00e1z nem doh\u00e1nyz\u00f3, doh\u00e1nyozni a kijel\u00f6lt helyeken \u00e9s a szob\u00e1k teraszain lehet. A Vend\u00e9gh\u00e1z szob\u00e1i \u00e9rkez\u00e9s napj\u00e1n 14 \u00f3r\u00e1t\u00f3l, t\u00e1voz\u00e1s napj\u00e1n 10 \u00f3r\u00e1ig \u00e1llnak vend\u00e9geink rendelkez\u00e9s\u00e9re. Ett\u0151l k\u00e9r\u00e9sre, a szob\u00e1k foglalts\u00e1g\u00e1hoz m\u00e9rten elt\u00e9rhet\u00fcnk. &nbsp;<\/p>\n","protected":false},"author":1,"featured_media":0,"parent":0,"menu_order":0,"comment_status":"closed","ping_status":"closed","template":"","meta":{"footnotes":""},"class_list":["post-21","page","type-page","status-publish","hentry"],"_links":{"self":[{"href":"https:\/\/szentistvan-vendeghaz.hu\/index.php\/wp-json\/wp\/v2\/pages\/21","targetHints":{"allow":["GET"]}}],"collection":[{"href":"https:\/\/szentistvan-vendeghaz.hu\/index.php\/wp-json\/wp\/v2\/pages"}],"about":[{"href":"https:\/\/szentistvan-vendeghaz.hu\/index.php\/wp-json\/wp\/v2\/types\/page"}],"author":[{"embeddable":true,"href":"https:\/\/szentistvan-vendeghaz.hu\/index.php\/wp-json\/wp\/v2\/users\/1"}],"replies":[{"embeddable":true,"href":"https:\/\/szentistvan-vendeghaz.hu\/index.php\/wp-json\/wp\/v2\/comments?post=21"}],"version-history":[{"count":4,"href":"https:\/\/szentistvan-vendeghaz.hu\/index.php\/wp-json\/wp\/v2\/pages\/21\/revisions"}],"predecessor-version":[{"id":199,"href":"https:\/\/szentistvan-vendeghaz.hu\/index.php\/wp-json\/wp\/v2\/pages\/21\/revisions\/199"}],"wp:attachment":[{"href":"https:\/\/szentistvan-vendeghaz.hu\/index.php\/wp-json\/wp\/v2\/media?parent=21"}],"curies":[{"name":"wp","href":"https:\/\/api.w.org\/{rel}","templated":true}]}}

Szolgáltatások

<h5>A Vendégház egyéb szolgáltatásai:</h5>
<ul>
<li>5 db 2 ágyas szobánk légkondicionálóval is fel van szerelve.</li>
<li>A Vendégház egész területén internet elérési lehetőség (WIFI) biztosított.</li>
<li>A szobaárak tartalmazzák a törölköző és kádkilépő használatot.</li>
<li>A szobákban folyékony szappan és tusfürdő található</li>
<li>A közösségi helyiségben extrákkal felszerelt teakonyha áll vendégeink rendelkezésére, mely tartalmazza a mikrohullámú sütőt, a vízforralót, mosogatógépet, teafiltert, poharakat (bögre, boros pohár, vizes pohár), evőeszközöket és tányérokat.</li>
<li>A Vendégházhoz zárt parkoló tartozik (szobánként 1 gépkocsihellyel), mely az autóval érkező vendégek részére biztonságos parkolási lehetőséget biztosít.</li>
<li>A kerékpárral érkező vendégek számára kerékpár tárolási lehetőséget biztosítunk.</li>
<li>A Vendégház nem dohányzó, dohányozni a kijelölt helyeken és a szobák teraszain lehet.</li>
<li>A Vendégház szobái érkezés napján 14 órától, távozás napján 10 óráig állnak vendégeink rendelkezésére. Ettől kérésre, a szobák foglaltságához mérten eltérhetünk.</li>
</ul>
<ul>
<li style="list-style-type: none;"></li>
</ul>
<p>&nbsp;</p>
<ul>
<li style="list-style-type: none;"></li>
</ul>

<p>A Vendégház egyéb szolgáltatásai: 5 db 2 ágyas szobánk légkondicionálóval is fel van szerelve. A Vendégház egész területén internet elérési lehetőség (WIFI) biztosított. A szobaárak tartalmazzák a törölköző és kádkilépő használatot. A szobákban folyékony szappan és tusfürdő található A közösségi helyiségben extrákkal felszerelt teakonyha áll vendégeink rendelkezésére, mely tartalmazza a mikrohullámú sütőt, a vízforralót, mosogatógépet, teafiltert, poharakat (bögre, boros pohár, vizes pohár), evőeszközöket és tányérokat. A Vendégházhoz zárt parkoló tartozik (szobánként 1 gépkocsihellyel), mely az autóval érkező vendégek részére biztonságos parkolási lehetőséget biztosít. A kerékpárral érkező vendégek számára kerékpár tárolási lehetőséget biztosítunk. A Vendégház nem dohányzó, dohányozni a kijelölt helyeken és a szobák teraszain lehet. A Vendégház szobái érkezés napján 14 órától, távozás napján 10 óráig állnak vendégeink rendelkezésére. Ettől kérésre, a szobák foglaltságához mérten eltérhetünk. &nbsp;</p>
