{"id":19,"date":"2024-04-10T08:02:55","date_gmt":"2024-04-10T07:02:55","guid":{"rendered":"https:\/\/szentistvan-vendeghaz.hu\/?page_id=19"},"modified":"2024-04-10T18:46:23","modified_gmt":"2024-04-10T17:46:23","slug":"rolunk","status":"publish","type":"page","link":"https:\/\/szentistvan-vendeghaz.hu\/","title":{"rendered":"R\u00f3lunk"},"content":{"rendered":"<h5>A t\u00f6bb \u00e9vsz\u00e1zados m\u00faltra visszatekint\u0151 Nagymaros v\u00e1rja \u00d6nt:<\/h5>\n<p>Nagymaros a 13. sz\u00e1zad v\u00e9g\u00e9ig a Rosd nemzets\u00e9g birtoka volt. 1285-ben IV. L\u00e1szl\u00f3 a visegr\u00e1di v\u00e1rhoz csatolta. A helys\u00e9g els\u0151 lak\u00f3i a korai \u00c1rp\u00e1d-korban telep\u00edtett n\u00e9metek voltak. A 14. sz\u00e1zadban, az Anjouk idej\u00e9n nagy fellend\u00fcl\u00e9s k\u00f6vetkezett be. Maros &#8211; Visegr\u00e1d ikerv\u00e1rosak\u00e9nt -gyors fejl\u0151d\u00e9snek indult, Nova Civitas-k\u00e9nt emlegett\u00e9k.<\/p>\n<h5>Ismerkedjen meg a Vend\u00e9gh\u00e1zzal:<div id=\"envira-gallery-wrap-27\" class=\"envira-gallery-wrap envira-gallery-theme-base envira-lightbox-theme-base\" itemscope itemtype=\"https:\/\/schema.org\/ImageGallery\"><div data-row-height=\"150\" data-gallery-theme=\"normal\" id=\"envira-gallery-27\" class=\"envira-gallery-public envira-gallery-justified-public envira-gallery-0-columns envira-clear enviratope envira-gallery-css-animations\" data-envira-columns=\"0\"><div id=\"envira-gallery-item-29\" class=\"envira-gallery-item enviratope-item envira-gallery-item-1 envira-lazy-load\" style=\"padding-left: 5px; padding-bottom: 10px; padding-right: 5px;\"  itemscope itemtype=\"https:\/\/schema.org\/ImageObject\"><div class=\"envira-gallery-item-inner\"><div class=\"envira-gallery-position-overlay  envira-gallery-top-left\"><\/div><div class=\"envira-gallery-position-overlay  envira-gallery-top-right\"><\/div><div class=\"envira-gallery-position-overlay  envira-gallery-bottom-left\"><\/div><div class=\"envira-gallery-position-overlay  envira-gallery-bottom-right\"><\/div><a href=\"https:\/\/szentistvan-vendeghaz.hu\/wp-content\/uploads\/2024\/04\/IMG_8398-1280x960_c.jpg\" class=\"envira-gallery-27 envira-gallery-link\" rel=\"enviragallery27\" title=\"IMG_8398-1280x960_c\" data-envira-caption=\"IMG_8398-1280x960_c\" data-envira-retina=\"\" data-thumbnail=\"\"  itemprop=\"contentUrl\"><img decoding=\"async\" id=\"envira-gallery-image-29\" class=\"envira-gallery-image envira-gallery-image-1 envira-normal envira-lazy\" data-envira-index=\"1\" src=\"https:\/\/szentistvan-vendeghaz.hu\/wp-content\/uploads\/2024\/04\/IMG_8398-1280x960_c-1024x768-640x480.jpg\" data-envira-src=\"https:\/\/szentistvan-vendeghaz.hu\/wp-content\/uploads\/2024\/04\/IMG_8398-1280x960_c-1024x768-640x480.jpg\" data-envira-gallery-id=\"27\" data-envira-item-id=\"29\" data-envira-caption=\"IMG_8398-1280x960_c\" alt=\"\" title=\"IMG_8398-1280x960_c\"  itemprop=\"thumbnailUrl\" data-envira-srcset=\"https:\/\/szentistvan-vendeghaz.hu\/wp-content\/uploads\/2024\/04\/IMG_8398-1280x960_c-1024x768-640x480.jpg 400w,https:\/\/szentistvan-vendeghaz.hu\/wp-content\/uploads\/2024\/04\/IMG_8398-1280x960_c-1024x768-640x480.jpg 2x\" data-envira-width=\"300\" data-envira-height=\"225\" srcset=\"data:image\/gif;base64,R0lGODlhAQABAIAAAP\/\/\/\/\/\/\/yH5BAEKAAEALAAAAAABAAEAAAICTAEAOw==\" data-safe-src=\"data:image\/gif;base64,R0lGODlhAQABAIAAAP\/\/\/\/\/\/\/yH5BAEKAAEALAAAAAABAAEAAAICTAEAOw==\" \/><\/a><\/div><\/div><div id=\"envira-gallery-item-30\" class=\"envira-gallery-item enviratope-item envira-gallery-item-2 envira-lazy-load\" style=\"padding-left: 5px; padding-bottom: 10px; padding-right: 5px;\"  itemscope itemtype=\"https:\/\/schema.org\/ImageObject\"><div class=\"envira-gallery-item-inner\"><div class=\"envira-gallery-position-overlay  envira-gallery-top-left\"><\/div><div class=\"envira-gallery-position-overlay  envira-gallery-top-right\"><\/div><div class=\"envira-gallery-position-overlay  envira-gallery-bottom-left\"><\/div><div class=\"envira-gallery-position-overlay  envira-gallery-bottom-right\"><\/div><a href=\"https:\/\/szentistvan-vendeghaz.hu\/wp-content\/uploads\/2024\/04\/IMG_8391_-1280x960_c.jpg\" class=\"envira-gallery-27 envira-gallery-link\" rel=\"enviragallery27\" title=\"IMG_8391_-1280x960_c\" data-envira-caption=\"IMG_8391_-1280x960_c\" data-envira-retina=\"\" data-thumbnail=\"\"  itemprop=\"contentUrl\"><img decoding=\"async\" id=\"envira-gallery-image-30\" class=\"envira-gallery-image envira-gallery-image-2 envira-normal envira-lazy\" data-envira-index=\"2\" src=\"https:\/\/szentistvan-vendeghaz.hu\/wp-content\/uploads\/2024\/04\/IMG_8391_-1280x960_c-1024x768-640x480.jpg\" data-envira-src=\"https:\/\/szentistvan-vendeghaz.hu\/wp-content\/uploads\/2024\/04\/IMG_8391_-1280x960_c-1024x768-640x480.jpg\" data-envira-gallery-id=\"27\" data-envira-item-id=\"30\" data-envira-caption=\"IMG_8391_-1280x960_c\" alt=\"\" title=\"IMG_8391_-1280x960_c\"  itemprop=\"thumbnailUrl\" data-envira-srcset=\"https:\/\/szentistvan-vendeghaz.hu\/wp-content\/uploads\/2024\/04\/IMG_8391_-1280x960_c-1024x768-640x480.jpg 400w,https:\/\/szentistvan-vendeghaz.hu\/wp-content\/uploads\/2024\/04\/IMG_8391_-1280x960_c-1024x768-640x480.jpg 2x\" data-envira-width=\"300\" data-envira-height=\"225\" srcset=\"data:image\/gif;base64,R0lGODlhAQABAIAAAP\/\/\/\/\/\/\/yH5BAEKAAEALAAAAAABAAEAAAICTAEAOw==\" data-safe-src=\"data:image\/gif;base64,R0lGODlhAQABAIAAAP\/\/\/\/\/\/\/yH5BAEKAAEALAAAAAABAAEAAAICTAEAOw==\" \/><\/a><\/div><\/div><\/div><\/div><noscript><img decoding=\"async\" src=\"https:\/\/szentistvan-vendeghaz.hu\/wp-content\/uploads\/2024\/04\/IMG_8398-1280x960_c.jpg\" alt=\"\" \/><img decoding=\"async\" src=\"https:\/\/szentistvan-vendeghaz.hu\/wp-content\/uploads\/2024\/04\/IMG_8391_-1280x960_c.jpg\" alt=\"\" \/><\/noscript><\/h5>\n<p>A Szent Istv\u00e1n Vend\u00e9gh\u00e1z a Duna partj\u00e1t\u00f3l 50 m-re j\u00f3 k\u00f6zleked\u00e9si adotts\u00e1gokkal rendelkezik. Ig\u00e9nyes \u00e9s korszer\u0171en berendezett szob\u00e1kkal v\u00e1rja a kikapcsol\u00f3dni v\u00e1gy\u00f3kat. A m\u00falt sz\u00e1zadfordul\u00f3n, 1900-ban \u00e9p\u00fclt, Nagymarosra jellemz\u0151 faragott faverend\u00e1s k\u00faria, mely egykor Sz\u00e1sz Endre fest\u0151m\u0171v\u00e9sz tulajdon\u00e1ban volt. 2003-ban teljes fel\u00faj\u00edt\u00e1s ut\u00e1n az eredeti st\u00edlusjegyeket meg\u0151rizve fogad\u00f3k\u00e9nt, majd 2020-t\u00f3l Vend\u00e9gh\u00e1zk\u00e9nt v\u00e1rja a vend\u00e9geket. A k\u00f6rny\u00e9k l\u00e1tv\u00e1nyoss\u00e1gai sz\u00e1mtalan akt\u00edv pihen\u00e9si lehet\u0151s\u00e9get biztos\u00edtanak az idel\u00e1togat\u00f3knak.<\/p>\n<h5>Szeretettel v\u00e1rjuk azokat, akik:<\/h5>\n<ul>\n<li>Ki szeretn\u00e9nek mozdulni \u00e9s egy nyugodt helyet keresnek sz\u00ednvonalas k\u00f6r\u00fclm\u00e9nyekkel<\/li>\n<li>az akt\u00edv pihen\u00e9s\u00fck ut\u00e1n \u00e9lm\u00e9nyekkel gazdagon szeretn\u00e9nek hazat\u00e9rni<\/li>\n<li>akik f\u00e1radtak, \u00e9s kimer\u00fcltek<\/li>\n<\/ul>\n","protected":false},"excerpt":{"rendered":"<p>A t\u00f6bb \u00e9vsz\u00e1zados m\u00faltra visszatekint\u0151 Nagymaros v\u00e1rja \u00d6nt: Nagymaros a 13. sz\u00e1zad v\u00e9g\u00e9ig a Rosd nemzets\u00e9g birtoka volt. 1285-ben IV. L\u00e1szl\u00f3 a visegr\u00e1di v\u00e1rhoz csatolta. A helys\u00e9g els\u0151 lak\u00f3i a korai \u00c1rp\u00e1d-korban telep\u00edtett n\u00e9metek voltak. A 14. sz\u00e1zadban, az Anjouk idej\u00e9n nagy fellend\u00fcl\u00e9s k\u00f6vetkezett be. Maros &#8211; Visegr\u00e1d ikerv\u00e1rosak\u00e9nt -gyors fejl\u0151d\u00e9snek indult, Nova Civitas-k\u00e9nt emlegett\u00e9k. Ismerkedjen meg a Vend\u00e9gh\u00e1zzal: A Szent Istv\u00e1n Vend\u00e9gh\u00e1z a Duna partj\u00e1t\u00f3l 50 m-re j\u00f3 k\u00f6zleked\u00e9si adotts\u00e1gokkal rendelkezik. Ig\u00e9nyes \u00e9s korszer\u0171en berendezett szob\u00e1kkal v\u00e1rja a kikapcsol\u00f3dni v\u00e1gy\u00f3kat. A m\u00falt sz\u00e1zadfordul\u00f3n, 1900-ban \u00e9p\u00fclt, Nagymarosra jellemz\u0151 faragott faverend\u00e1s k\u00faria, mely egykor Sz\u00e1sz Endre fest\u0151m\u0171v\u00e9sz tulajdon\u00e1ban volt. 2003-ban teljes fel\u00faj\u00edt\u00e1s ut\u00e1n az eredeti st\u00edlusjegyeket meg\u0151rizve fogad\u00f3k\u00e9nt, majd 2020-t\u00f3l Vend\u00e9gh\u00e1zk\u00e9nt v\u00e1rja a vend\u00e9geket. A k\u00f6rny\u00e9k l\u00e1tv\u00e1nyoss\u00e1gai sz\u00e1mtalan akt\u00edv pihen\u00e9si lehet\u0151s\u00e9get biztos\u00edtanak az idel\u00e1togat\u00f3knak. Szeretettel v\u00e1rjuk azokat, akik: Ki szeretn\u00e9nek mozdulni \u00e9s egy nyugodt helyet keresnek sz\u00ednvonalas k\u00f6r\u00fclm\u00e9nyekkel az akt\u00edv pihen\u00e9s\u00fck ut\u00e1n \u00e9lm\u00e9nyekkel gazdagon szeretn\u00e9nek hazat\u00e9rni akik f\u00e1radtak, \u00e9s kimer\u00fcltek<\/p>\n","protected":false},"author":1,"featured_media":0,"parent":0,"menu_order":0,"comment_status":"closed","ping_status":"closed","template":"","meta":{"footnotes":""},"class_list":["post-19","page","type-page","status-publish","hentry"],"_links":{"self":[{"href":"https:\/\/szentistvan-vendeghaz.hu\/index.php\/wp-json\/wp\/v2\/pages\/19","targetHints":{"allow":["GET"]}}],"collection":[{"href":"https:\/\/szentistvan-vendeghaz.hu\/index.php\/wp-json\/wp\/v2\/pages"}],"about":[{"href":"https:\/\/szentistvan-vendeghaz.hu\/index.php\/wp-json\/wp\/v2\/types\/page"}],"author":[{"embeddable":true,"href":"https:\/\/szentistvan-vendeghaz.hu\/index.php\/wp-json\/wp\/v2\/users\/1"}],"replies":[{"embeddable":true,"href":"https:\/\/szentistvan-vendeghaz.hu\/index.php\/wp-json\/wp\/v2\/comments?post=19"}],"version-history":[{"count":2,"href":"https:\/\/szentistvan-vendeghaz.hu\/index.php\/wp-json\/wp\/v2\/pages\/19\/revisions"}],"predecessor-version":[{"id":90,"href":"https:\/\/szentistvan-vendeghaz.hu\/index.php\/wp-json\/wp\/v2\/pages\/19\/revisions\/90"}],"wp:attachment":[{"href":"https:\/\/szentistvan-vendeghaz.hu\/index.php\/wp-json\/wp\/v2\/media?parent=19"}],"curies":[{"name":"wp","href":"https:\/\/api.w.org\/{rel}","templated":true}]}}

Rólunk

<h5>A több évszázados múltra visszatekintő Nagymaros várja Önt:</h5>
<p>Nagymaros a 13. század végéig a Rosd nemzetség birtoka volt. 1285-ben IV. László a visegrádi várhoz csatolta. A helység első lakói a korai Árpád-korban telepített németek voltak. A 14. században, az Anjouk idején nagy fellendülés következett be. Maros &#8211; Visegrád ikervárosaként -gyors fejlődésnek indult, Nova Civitas-ként emlegették.</p>
<h5>Ismerkedjen meg a Vendégházzal:<div id="envira-gallery-wrap-27" class="envira-gallery-wrap envira-gallery-theme-base envira-lightbox-theme-base" itemscope itemtype="https://schema.org/ImageGallery"><div data-row-height="150" data-gallery-theme="normal" id="envira-gallery-27" class="envira-gallery-public envira-gallery-justified-public envira-gallery-0-columns envira-clear enviratope envira-gallery-css-animations" data-envira-columns="0"><div id="envira-gallery-item-29" class="envira-gallery-item enviratope-item envira-gallery-item-1 envira-lazy-load" style="padding-left: 5px; padding-bottom: 10px; padding-right: 5px;"  itemscope itemtype="https://schema.org/ImageObject"><div class="envira-gallery-item-inner"><div class="envira-gallery-position-overlay  envira-gallery-top-left"></div><div class="envira-gallery-position-overlay  envira-gallery-top-right"></div><div class="envira-gallery-position-overlay  envira-gallery-bottom-left"></div><div class="envira-gallery-position-overlay  envira-gallery-bottom-right"></div><a href="https://szentistvan-vendeghaz.hu/wp-content/uploads/2024/04/IMG_8398-1280x960_c.jpg" class="envira-gallery-27 envira-gallery-link" rel="enviragallery27" title="IMG_8398-1280x960_c" data-envira-caption="IMG_8398-1280x960_c" data-envira-retina="" data-thumbnail=""  itemprop="contentUrl"><img decoding="async" id="envira-gallery-image-29" class="envira-gallery-image envira-gallery-image-1 envira-normal envira-lazy" data-envira-index="1" src="https://szentistvan-vendeghaz.hu/wp-content/uploads/2024/04/IMG_8398-1280x960_c-1024x768-640x480.jpg" data-envira-src="https://szentistvan-vendeghaz.hu/wp-content/uploads/2024/04/IMG_8398-1280x960_c-1024x768-640x480.jpg" data-envira-gallery-id="27" data-envira-item-id="29" data-envira-caption="IMG_8398-1280x960_c" alt="" title="IMG_8398-1280x960_c"  itemprop="thumbnailUrl" data-envira-srcset="https://szentistvan-vendeghaz.hu/wp-content/uploads/2024/04/IMG_8398-1280x960_c-1024x768-640x480.jpg 400w,https://szentistvan-vendeghaz.hu/wp-content/uploads/2024/04/IMG_8398-1280x960_c-1024x768-640x480.jpg 2x" data-envira-width="300" data-envira-height="225" srcset="data:image/gif;base64,R0lGODlhAQABAIAAAP///////yH5BAEKAAEALAAAAAABAAEAAAICTAEAOw==" data-safe-src="data:image/gif;base64,R0lGODlhAQABAIAAAP///////yH5BAEKAAEALAAAAAABAAEAAAICTAEAOw==" /></a></div></div><div id="envira-gallery-item-30" class="envira-gallery-item enviratope-item envira-gallery-item-2 envira-lazy-load" style="padding-left: 5px; padding-bottom: 10px; padding-right: 5px;"  itemscope itemtype="https://schema.org/ImageObject"><div class="envira-gallery-item-inner"><div class="envira-gallery-position-overlay  envira-gallery-top-left"></div><div class="envira-gallery-position-overlay  envira-gallery-top-right"></div><div class="envira-gallery-position-overlay  envira-gallery-bottom-left"></div><div class="envira-gallery-position-overlay  envira-gallery-bottom-right"></div><a href="https://szentistvan-vendeghaz.hu/wp-content/uploads/2024/04/IMG_8391_-1280x960_c.jpg" class="envira-gallery-27 envira-gallery-link" rel="enviragallery27" title="IMG_8391_-1280x960_c" data-envira-caption="IMG_8391_-1280x960_c" data-envira-retina="" data-thumbnail=""  itemprop="contentUrl"><img decoding="async" id="envira-gallery-image-30" class="envira-gallery-image envira-gallery-image-2 envira-normal envira-lazy" data-envira-index="2" src="https://szentistvan-vendeghaz.hu/wp-content/uploads/2024/04/IMG_8391_-1280x960_c-1024x768-640x480.jpg" data-envira-src="https://szentistvan-vendeghaz.hu/wp-content/uploads/2024/04/IMG_8391_-1280x960_c-1024x768-640x480.jpg" data-envira-gallery-id="27" data-envira-item-id="30" data-envira-caption="IMG_8391_-1280x960_c" alt="" title="IMG_8391_-1280x960_c"  itemprop="thumbnailUrl" data-envira-srcset="https://szentistvan-vendeghaz.hu/wp-content/uploads/2024/04/IMG_8391_-1280x960_c-1024x768-640x480.jpg 400w,https://szentistvan-vendeghaz.hu/wp-content/uploads/2024/04/IMG_8391_-1280x960_c-1024x768-640x480.jpg 2x" data-envira-width="300" data-envira-height="225" srcset="data:image/gif;base64,R0lGODlhAQABAIAAAP///////yH5BAEKAAEALAAAAAABAAEAAAICTAEAOw==" data-safe-src="data:image/gif;base64,R0lGODlhAQABAIAAAP///////yH5BAEKAAEALAAAAAABAAEAAAICTAEAOw==" /></a></div></div></div></div><noscript><img decoding="async" src="https://szentistvan-vendeghaz.hu/wp-content/uploads/2024/04/IMG_8398-1280x960_c.jpg" alt="" /><img decoding="async" src="https://szentistvan-vendeghaz.hu/wp-content/uploads/2024/04/IMG_8391_-1280x960_c.jpg" alt="" /></noscript></h5>
<p>A Szent István Vendégház a Duna partjától 50 m-re jó közlekedési adottságokkal rendelkezik. Igényes és korszerűen berendezett szobákkal várja a kikapcsolódni vágyókat. A múlt századfordulón, 1900-ban épült, Nagymarosra jellemző faragott faverendás kúria, mely egykor Szász Endre festőművész tulajdonában volt. 2003-ban teljes felújítás után az eredeti stílusjegyeket megőrizve fogadóként, majd 2020-tól Vendégházként várja a vendégeket. A környék látványosságai számtalan aktív pihenési lehetőséget biztosítanak az idelátogatóknak.</p>
<h5>Szeretettel várjuk azokat, akik:</h5>
<ul>
<li>Ki szeretnének mozdulni és egy nyugodt helyet keresnek színvonalas körülményekkel</li>
<li>az aktív pihenésük után élményekkel gazdagon szeretnének hazatérni</li>
<li>akik fáradtak, és kimerültek</li>
</ul>

<p>A több évszázados múltra visszatekintő Nagymaros várja Önt: Nagymaros a 13. század végéig a Rosd nemzetség birtoka volt. 1285-ben IV. László a visegrádi várhoz csatolta. A helység első lakói a korai Árpád-korban telepített németek voltak. A 14. században, az Anjouk idején nagy fellendülés következett be. Maros &#8211; Visegrád ikervárosaként -gyors fejlődésnek indult, Nova Civitas-ként emlegették. Ismerkedjen meg a Vendégházzal: A Szent István Vendégház a Duna partjától 50 m-re jó közlekedési adottságokkal rendelkezik. Igényes és korszerűen berendezett szobákkal várja a kikapcsolódni vágyókat. A múlt századfordulón, 1900-ban épült, Nagymarosra jellemző faragott faverendás kúria, mely egykor Szász Endre festőművész tulajdonában volt. 2003-ban teljes felújítás után az eredeti stílusjegyeket megőrizve fogadóként, majd 2020-tól Vendégházként várja a vendégeket. A környék látványosságai számtalan aktív pihenési lehetőséget biztosítanak az idelátogatóknak. Szeretettel várjuk azokat, akik: Ki szeretnének mozdulni és egy nyugodt helyet keresnek színvonalas körülményekkel az aktív pihenésük után élményekkel gazdagon szeretnének hazatérni akik fáradtak, és kimerültek</p>
