{"id":142,"date":"2024-04-15T22:02:40","date_gmt":"2024-04-15T21:02:40","guid":{"rendered":"https:\/\/szentistvan-vendeghaz.hu\/?page_id=142"},"modified":"2024-04-15T22:02:40","modified_gmt":"2024-04-15T21:02:40","slug":"adatvedelem","status":"publish","type":"page","link":"https:\/\/szentistvan-vendeghaz.hu\/index.php\/adatvedelem\/","title":{"rendered":"Adatv\u00e9delem"},"content":{"rendered":"\r\n<h1 class=\"wp-block-heading\">Adatv\u00e9delmi szab\u00e1lyzatunk<\/h1>\r\n \r\n<p class=\"has-text-align-left\">Jelen adatv\u00e9delmi szab\u00e1lyoz\u00e1s a Szent Istv\u00e1n Vend\u00e9gh\u00e1z \u00fczemeltet\u0151je \u00e1ltal a <a href=\"http:\/\/www.szentistvan-vendeghaz.hu\">www.szentistvan-vendeghaz.hu<\/a> internetes oldalon \u00e9s a kapcsol\u00f3d\u00f3 k\u00f6z\u00f6ss\u00e9gi oldalakon, valamint a sz\u00e9khely\u00e9n, mint sz\u00e1ll\u00e1shelyen alkalmazott adatv\u00e9delmi \u00e9s adatkezel\u00e9si elveket r\u00f6gz\u00edti \u00e9s err\u0151l k\u00f6z\u00e9rthet\u0151 form\u00e1ban az \u00fcgyfeleket t\u00e1j\u00e9koztatja. Az adatv\u00e9delmi szab\u00e1lyzat kiz\u00e1r\u00f3lag a sz\u00e1ll\u00e1sad\u00f3i tev\u00e9kenys\u00e9ggel \u00f6sszef\u00fcgg\u00e9sben \u00e9rtelmezhet\u0151.<\/p>\r\n \r\n\r\n<strong><a href=\"http:\/\/szentistvanfogado.hu\/wp-content\/uploads\/2019\/03\/Szent-Istv\u00e1n-F.-Adatv\u00e9delem_Kiss-Istv\u00e1nn\u00e9.docx.pdf\">Az Adatv\u00e9delmi szab\u00e1lyzat ide klikkelve megtekinthet\u0151 pdf form\u00e1tumba<\/a>n<\/strong>\r\n\r\n","protected":false},"excerpt":{"rendered":"<p>Adatv\u00e9delmi szab\u00e1lyzatunk Jelen adatv\u00e9delmi szab\u00e1lyoz\u00e1s a Szent Istv\u00e1n Vend\u00e9gh\u00e1z \u00fczemeltet\u0151je \u00e1ltal a www.szentistvan-vendeghaz.hu internetes oldalon \u00e9s a kapcsol\u00f3d\u00f3 k\u00f6z\u00f6ss\u00e9gi oldalakon, valamint a sz\u00e9khely\u00e9n, mint sz\u00e1ll\u00e1shelyen alkalmazott adatv\u00e9delmi \u00e9s adatkezel\u00e9si elveket r\u00f6gz\u00edti \u00e9s err\u0151l k\u00f6z\u00e9rthet\u0151 form\u00e1ban az \u00fcgyfeleket t\u00e1j\u00e9koztatja. Az adatv\u00e9delmi szab\u00e1lyzat kiz\u00e1r\u00f3lag a sz\u00e1ll\u00e1sad\u00f3i tev\u00e9kenys\u00e9ggel \u00f6sszef\u00fcgg\u00e9sben \u00e9rtelmezhet\u0151. Az Adatv\u00e9delmi szab\u00e1lyzat ide klikkelve megtekinthet\u0151 pdf form\u00e1tumban<\/p>\n","protected":false},"author":1,"featured_media":0,"parent":0,"menu_order":0,"comment_status":"closed","ping_status":"closed","template":"","meta":{"footnotes":""},"class_list":["post-142","page","type-page","status-publish","hentry"],"_links":{"self":[{"href":"https:\/\/szentistvan-vendeghaz.hu\/index.php\/wp-json\/wp\/v2\/pages\/142","targetHints":{"allow":["GET"]}}],"collection":[{"href":"https:\/\/szentistvan-vendeghaz.hu\/index.php\/wp-json\/wp\/v2\/pages"}],"about":[{"href":"https:\/\/szentistvan-vendeghaz.hu\/index.php\/wp-json\/wp\/v2\/types\/page"}],"author":[{"embeddable":true,"href":"https:\/\/szentistvan-vendeghaz.hu\/index.php\/wp-json\/wp\/v2\/users\/1"}],"replies":[{"embeddable":true,"href":"https:\/\/szentistvan-vendeghaz.hu\/index.php\/wp-json\/wp\/v2\/comments?post=142"}],"version-history":[{"count":1,"href":"https:\/\/szentistvan-vendeghaz.hu\/index.php\/wp-json\/wp\/v2\/pages\/142\/revisions"}],"predecessor-version":[{"id":143,"href":"https:\/\/szentistvan-vendeghaz.hu\/index.php\/wp-json\/wp\/v2\/pages\/142\/revisions\/143"}],"wp:attachment":[{"href":"https:\/\/szentistvan-vendeghaz.hu\/index.php\/wp-json\/wp\/v2\/media?parent=142"}],"curies":[{"name":"wp","href":"https:\/\/api.w.org\/{rel}","templated":true}]}}

Adatvédelem

<h1 class="wp-block-heading">Adatvédelmi szabályzatunk</h1>
 
<p class="has-text-align-left">Jelen adatvédelmi szabályozás a Szent István Vendégház üzemeltetője által a <a href="http://www.szentistvan-vendeghaz.hu">www.szentistvan-vendeghaz.hu</a> internetes oldalon és a kapcsolódó közösségi oldalakon, valamint a székhelyén, mint szálláshelyen alkalmazott adatvédelmi és adatkezelési elveket rögzíti és erről közérthető formában az ügyfeleket tájékoztatja. Az adatvédelmi szabályzat kizárólag a szállásadói tevékenységgel összefüggésben értelmezhető.</p>
 

<strong><a href="http://szentistvanfogado.hu/wp-content/uploads/2019/03/Szent-István-F.-Adatvédelem_Kiss-Istvánné.docx.pdf">Az Adatvédelmi szabályzat ide klikkelve megtekinthető pdf formátumba</a>n</strong>

<p>Adatvédelmi szabályzatunk Jelen adatvédelmi szabályozás a Szent István Vendégház üzemeltetője által a www.szentistvan-vendeghaz.hu internetes oldalon és a kapcsolódó közösségi oldalakon, valamint a székhelyén, mint szálláshelyen alkalmazott adatvédelmi és adatkezelési elveket rögzíti és erről közérthető formában az ügyfeleket tájékoztatja. Az adatvédelmi szabályzat kizárólag a szállásadói tevékenységgel összefüggésben értelmezhető. Az Adatvédelmi szabályzat ide klikkelve megtekinthető pdf formátumban</p>
