{"id":14,"date":"2024-04-10T07:55:15","date_gmt":"2024-04-10T06:55:15","guid":{"rendered":"https:\/\/szentistvan-vendeghaz.hu\/?page_id=14"},"modified":"2024-04-10T18:43:34","modified_gmt":"2024-04-10T17:43:34","slug":"altalanos-tudnivalok","status":"publish","type":"page","link":"https:\/\/szentistvan-vendeghaz.hu\/index.php\/altalanos-tudnivalok\/","title":{"rendered":"\u00c1ltal\u00e1nos tudnival\u00f3k"},"content":{"rendered":"<h5>Foglal\u00e1si felt\u00e9telek<\/h5>\n<p>Vend\u00e9geink a foglal\u00e1si ig\u00e9ny\u00fcket jelezhetik telefonon, e-mailban vagy Facebookon. Amennyiben \u00edr\u00e1sban k\u00fcldj\u00fck ki az aj\u00e1nlatunkat, \u00fagy \u00edr\u00e1sban v\u00e1rjuk a megrendel\u00e9s\u00fcket.<\/p>\n<p>A Vend\u00e9gh\u00e1z foglal\u00e1si rendszere \u00e9s kapacit\u00e1sa nem teszi lehet\u0151v\u00e9, hogy aj\u00e1nlatainkn\u00e1l \u00e9rv\u00e9nyess\u00e9gi id\u0151t \u00e1ll\u00edtsunk be. A kik\u00fcld\u00f6tt aj\u00e1nlat ak\u00e1r r\u00f6vid id\u0151 alatt is \u00e9rv\u00e9ny\u00e9t vesz\u00edtheti. A megrendel\u00e9s be\u00e9rkez\u00e9s\u00e9t k\u00f6vet\u0151en ellen\u0151rizz\u00fck, hogy tudjuk-e az aj\u00e1nlatban szerepl\u0151 szob\u00e1t biztos\u00edtani, r\u00f6gz\u00edtj\u00fck a foglal\u00e1st \u00e9s elk\u00fcldj\u00fck a visszaigazol\u00e1st. Amennyiben a kik\u00fcld\u00f6tt aj\u00e1nlatunk m\u00e1r nem \u00e9rv\u00e9nyes, abban az esetben t\u00e1j\u00e9koztatjuk Vend\u00e9g\u00fcnket, hogy milyen tov\u00e1bbi lehet\u0151s\u00e9get tudunk k\u00edn\u00e1lni.<\/p>\n<h5>Lemond\u00e1si felt\u00e9telek<\/h5>\n<p>Amennyiben Vend\u00e9g\u00fcnk el\u0151re l\u00e1that\u00f3an nem tud meg\u00e9rkezni vend\u00e9gh\u00e1zunkba a lefoglalt \u00e9rkez\u00e9si napon, abban az esetben t\u00e9r\u00edt\u00e9smentesen id\u0151pont m\u00f3dos\u00edt\u00e1sra (a szabad szobakapacit\u00e1s f\u00fcggv\u00e9ny\u00e9ben) van lehet\u0151s\u00e9g az \u00e9rkez\u00e9st megel\u0151z\u0151 5. napig. Ez esetben a befizetett el\u0151leg felhaszn\u00e1lhat\u00f3 egy k\u00e9s\u0151bbi (max. 6 h\u00f3nap) id\u0151pontra t\u00f6rt\u00e9n\u0151 \u00e1tfoglal\u00e1s alkalm\u00e1val.<\/p>\n<h5>El\u00e9rhet\u0151s\u00e9g<\/h5>\n<p>2626 Nagymaros, V\u00e1ci \u00fat 36.<\/p>\n<p><strong>Telefon:<\/strong> (+36) 27 594 090<\/p>\n<p><strong>E-mail:<\/strong> <a href=\"mailto:info@szentistvan-vendeghaz.hu\">info@szentistvan-vendeghaz.hu<\/a><\/p>\n        \n<h5>Megk\u00f6zel\u00edthet\u0151s\u00e9g<\/h5>\n<ul>\n<li><strong>Vonattal:<\/strong> A Nyugati p\u00e1lyaudvarr\u00f3l V\u00e1c-Szob ir\u00e1ny\u00e1ba k\u00f6zleked\u0151 z\u00f3n\u00e1z\u00f3 vonattal, vagy a V\u00e1c-Szob ir\u00e1ny\u00e1ba k\u00f6zleked\u0151 gyors\u00edtott szem\u00e9lyvonattal Nagymaros-Visegr\u00e1d meg\u00e1ll\u00f3helyig A Keleti p\u00e1lyaudvarr\u00f3l a Szob ir\u00e1ny\u00e1ban k\u00f6zleked\u0151 EuroCity vonattal Nagymaros-Visegr\u00e1d meg\u00e1ll\u00f3helyig<\/li>\n<\/ul>\n","protected":false},"excerpt":{"rendered":"<p>Foglal\u00e1si felt\u00e9telek Vend\u00e9geink a foglal\u00e1si ig\u00e9ny\u00fcket jelezhetik telefonon, e-mailban vagy Facebookon. Amennyiben \u00edr\u00e1sban k\u00fcldj\u00fck ki az aj\u00e1nlatunkat, \u00fagy \u00edr\u00e1sban v\u00e1rjuk a megrendel\u00e9s\u00fcket. A Vend\u00e9gh\u00e1z foglal\u00e1si rendszere \u00e9s kapacit\u00e1sa nem teszi lehet\u0151v\u00e9, hogy aj\u00e1nlatainkn\u00e1l \u00e9rv\u00e9nyess\u00e9gi id\u0151t \u00e1ll\u00edtsunk be. A kik\u00fcld\u00f6tt aj\u00e1nlat ak\u00e1r r\u00f6vid id\u0151 alatt is \u00e9rv\u00e9ny\u00e9t vesz\u00edtheti. A megrendel\u00e9s be\u00e9rkez\u00e9s\u00e9t k\u00f6vet\u0151en ellen\u0151rizz\u00fck, hogy tudjuk-e az aj\u00e1nlatban szerepl\u0151 szob\u00e1t biztos\u00edtani, r\u00f6gz\u00edtj\u00fck a foglal\u00e1st \u00e9s elk\u00fcldj\u00fck a visszaigazol\u00e1st. Amennyiben a kik\u00fcld\u00f6tt aj\u00e1nlatunk m\u00e1r nem \u00e9rv\u00e9nyes, abban az esetben t\u00e1j\u00e9koztatjuk Vend\u00e9g\u00fcnket, hogy milyen tov\u00e1bbi lehet\u0151s\u00e9get tudunk k\u00edn\u00e1lni. Lemond\u00e1si felt\u00e9telek Amennyiben Vend\u00e9g\u00fcnk el\u0151re l\u00e1that\u00f3an nem tud meg\u00e9rkezni vend\u00e9gh\u00e1zunkba a lefoglalt \u00e9rkez\u00e9si napon, abban az esetben t\u00e9r\u00edt\u00e9smentesen id\u0151pont m\u00f3dos\u00edt\u00e1sra (a szabad szobakapacit\u00e1s f\u00fcggv\u00e9ny\u00e9ben) van lehet\u0151s\u00e9g az \u00e9rkez\u00e9st megel\u0151z\u0151 5. napig. Ez esetben a befizetett el\u0151leg felhaszn\u00e1lhat\u00f3 egy k\u00e9s\u0151bbi (max. 6 h\u00f3nap) id\u0151pontra t\u00f6rt\u00e9n\u0151 \u00e1tfoglal\u00e1s alkalm\u00e1val. El\u00e9rhet\u0151s\u00e9g 2626 Nagymaros, V\u00e1ci \u00fat 36. Telefon: (+36) 27 594 090 E-mail: info@szentistvan-vendeghaz.hu Megk\u00f6zel\u00edthet\u0151s\u00e9g Vonattal: A Nyugati p\u00e1lyaudvarr\u00f3l V\u00e1c-Szob ir\u00e1ny\u00e1ba k\u00f6zleked\u0151 z\u00f3n\u00e1z\u00f3 vonattal, vagy a V\u00e1c-Szob ir\u00e1ny\u00e1ba k\u00f6zleked\u0151 gyors\u00edtott szem\u00e9lyvonattal Nagymaros-Visegr\u00e1d meg\u00e1ll\u00f3helyig A Keleti p\u00e1lyaudvarr\u00f3l a Szob ir\u00e1ny\u00e1ban k\u00f6zleked\u0151 EuroCity vonattal Nagymaros-Visegr\u00e1d meg\u00e1ll\u00f3helyig<\/p>\n","protected":false},"author":1,"featured_media":0,"parent":0,"menu_order":0,"comment_status":"closed","ping_status":"closed","template":"","meta":{"footnotes":""},"class_list":["post-14","page","type-page","status-publish","hentry"],"_links":{"self":[{"href":"https:\/\/szentistvan-vendeghaz.hu\/index.php\/wp-json\/wp\/v2\/pages\/14","targetHints":{"allow":["GET"]}}],"collection":[{"href":"https:\/\/szentistvan-vendeghaz.hu\/index.php\/wp-json\/wp\/v2\/pages"}],"about":[{"href":"https:\/\/szentistvan-vendeghaz.hu\/index.php\/wp-json\/wp\/v2\/types\/page"}],"author":[{"embeddable":true,"href":"https:\/\/szentistvan-vendeghaz.hu\/index.php\/wp-json\/wp\/v2\/users\/1"}],"replies":[{"embeddable":true,"href":"https:\/\/szentistvan-vendeghaz.hu\/index.php\/wp-json\/wp\/v2\/comments?post=14"}],"version-history":[{"count":2,"href":"https:\/\/szentistvan-vendeghaz.hu\/index.php\/wp-json\/wp\/v2\/pages\/14\/revisions"}],"predecessor-version":[{"id":89,"href":"https:\/\/szentistvan-vendeghaz.hu\/index.php\/wp-json\/wp\/v2\/pages\/14\/revisions\/89"}],"wp:attachment":[{"href":"https:\/\/szentistvan-vendeghaz.hu\/index.php\/wp-json\/wp\/v2\/media?parent=14"}],"curies":[{"name":"wp","href":"https:\/\/api.w.org\/{rel}","templated":true}]}}

Általános tudnivalók

<h5>Foglalási feltételek</h5>
<p>Vendégeink a foglalási igényüket jelezhetik telefonon, e-mailban vagy Facebookon. Amennyiben írásban küldjük ki az ajánlatunkat, úgy írásban várjuk a megrendelésüket.</p>
<p>A Vendégház foglalási rendszere és kapacitása nem teszi lehetővé, hogy ajánlatainknál érvényességi időt állítsunk be. A kiküldött ajánlat akár rövid idő alatt is érvényét veszítheti. A megrendelés beérkezését követően ellenőrizzük, hogy tudjuk-e az ajánlatban szereplő szobát biztosítani, rögzítjük a foglalást és elküldjük a visszaigazolást. Amennyiben a kiküldött ajánlatunk már nem érvényes, abban az esetben tájékoztatjuk Vendégünket, hogy milyen további lehetőséget tudunk kínálni.</p>
<h5>Lemondási feltételek</h5>
<p>Amennyiben Vendégünk előre láthatóan nem tud megérkezni vendégházunkba a lefoglalt érkezési napon, abban az esetben térítésmentesen időpont módosításra (a szabad szobakapacitás függvényében) van lehetőség az érkezést megelőző 5. napig. Ez esetben a befizetett előleg felhasználható egy későbbi (max. 6 hónap) időpontra történő átfoglalás alkalmával.</p>
<h5>Elérhetőség</h5>
<p>2626 Nagymaros, Váci út 36.</p>
<p><strong>Telefon:</strong> (+36) 27 594 090</p>
<p><strong>E-mail:</strong> <a href="mailto:info@szentistvan-vendeghaz.hu">info@szentistvan-vendeghaz.hu</a></p>
        
<h5>Megközelíthetőség</h5>
<ul>
<li><strong>Vonattal:</strong> A Nyugati pályaudvarról Vác-Szob irányába közlekedő zónázó vonattal, vagy a Vác-Szob irányába közlekedő gyorsított személyvonattal Nagymaros-Visegrád megállóhelyig A Keleti pályaudvarról a Szob irányában közlekedő EuroCity vonattal Nagymaros-Visegrád megállóhelyig</li>
</ul>

<p>Foglalási feltételek Vendégeink a foglalási igényüket jelezhetik telefonon, e-mailban vagy Facebookon. Amennyiben írásban küldjük ki az ajánlatunkat, úgy írásban várjuk a megrendelésüket. A Vendégház foglalási rendszere és kapacitása nem teszi lehetővé, hogy ajánlatainknál érvényességi időt állítsunk be. A kiküldött ajánlat akár rövid idő alatt is érvényét veszítheti. A megrendelés beérkezését követően ellenőrizzük, hogy tudjuk-e az ajánlatban szereplő szobát biztosítani, rögzítjük a foglalást és elküldjük a visszaigazolást. Amennyiben a kiküldött ajánlatunk már nem érvényes, abban az esetben tájékoztatjuk Vendégünket, hogy milyen további lehetőséget tudunk kínálni. Lemondási feltételek Amennyiben Vendégünk előre láthatóan nem tud megérkezni vendégházunkba a lefoglalt érkezési napon, abban az esetben térítésmentesen időpont módosításra (a szabad szobakapacitás függvényében) van lehetőség az érkezést megelőző 5. napig. Ez esetben a befizetett előleg felhasználható egy későbbi (max. 6 hónap) időpontra történő átfoglalás alkalmával. Elérhetőség 2626 Nagymaros, Váci út 36. Telefon: (+36) 27 594 090 E-mail: info@szentistvan-vendeghaz.hu Megközelíthetőség Vonattal: A Nyugati pályaudvarról Vác-Szob irányába közlekedő zónázó vonattal, vagy a Vác-Szob irányába közlekedő gyorsított személyvonattal Nagymaros-Visegrád megállóhelyig A Keleti pályaudvarról a Szob irányában közlekedő EuroCity vonattal Nagymaros-Visegrád megállóhelyig</p>
